*g**5/60 + 5*g**4/8 - 2*g**3/3 + 2*g**2. Is h(-15) a composite number?
True
Let j(n) be the third derivative of 2*n**5/15 + n**4/4 + 3*n**3/2 + 2*n**2. Let w be j(-6). Suppose -w = -0*v - v - f, -3*f = 2*v - 526. Is v a prime number?
True
Let v be (0 - 0)/(0 - -1). Suppose 4*r - 65 - 19 = v. Is r a prime number?
False
Suppose 2*t - t + 2*i - 211 = 0, -2*i = 5*t - 1095. Suppose 4*j = 3*r + 866, -j = -2*j + 3*r + t. Is j a composite number?
True
Let q(f) = 5*f**2 - 9*f - 33. Is q(14) a composite number?
False
Suppose -5*p = -4*p - 78. Let r = 131 - p. Is r prime?
True
Let l be 6*-1*1/(-1). Suppose -l*p + 30 = -p. Let n(m) = m**2 - 5*m + 5. Is n(p) a composite number?
False
Let k be -1 - 1 - (-3)/(-3). Let o = 7 - k. Is o prime?
False
Suppose 5*k + 0 - 15 = 0. Suppose 0*r - r - 170 = -4*l, 2*l = -k*r + 92. Is l prime?
True
Suppose 16 = 3*q - l - l, q + 2*l = -8. Suppose 0*t = -t - 3*k - q, -k - 8 = t. Let y = t + 45. Is y composite?
True
Let n(c) = -7*c**3 + 8*c**2 + 11*c + 13. Is n(-6) composite?
False
Is ((-17135)/92)/(-1 - 6/(-8)) a composite number?
True
Is (-4)/18 + 18088/72 a composite number?
False
Let k = -2254 - -6095. Is k a composite number?
True
Suppose 0 = -4*c + 2*c - 14. Let a = c + 11. Suppose -3*x + a = -41. Is x a prime number?
False
Suppose -2*w = 2*n - 0*n, 0 = 3*w + 6. Let t be 1/(n/8)*1. Suppose -t*a = -59 - 29. Is a composite?
True
Let n(l) = 2*l**2 + 2*l. Let m be 2/8 + (-14)/(-8). Let f be n(m). Suppose x = -f + 37. Is x a composite number?
True
Let a = -45 - -94. Is a prime?
False
Let j be (-6)/8 - (-9345)/(-20). Let r = 727 + j. Is r a prime number?
False
Let u(w) be the second derivative of 7*w**3/6 - w. Is u(5) a prime number?
False
Let p(v) = 2*v**2. Let n be p(3). Suppose 7*m - 4*m = n. Suppose -g - g = -m. Is g a composite number?
False
Let y(r) = r**3 + 4*r**2 - 5*r - 3. Suppose 2*k - 6 = -k. Let q = -5 + k. Is y(q) composite?
True
Let q be 4*1/2 - -48. Suppose 3*i + 2*i - q = 0. Is i composite?
True
Let o(x) = x**3 - 7*x**2 - 9*x. Let k be o(8). Is (-6)/(-8) + (-650)/k a prime number?
False
Suppose j + j = -3*s + 6763, 11260 = 5*s + j. Is (-8)/(-32) + s/4 prime?
True
Suppose -549 = -4*a - 1753. Let t = a - -554. Is t a prime number?
False
Suppose -2 = -0*q - q. Suppose -5*o = -q*a - 387, 0*o = 5*o + 2*a - 383. Is o composite?
True
Let w = -1187 - -2160. Is w a prime number?
False
Suppose 7*j = 2*j. Suppose j = -u + 5*u - 12. Suppose u*k + 14 = 5*k. Is k a prime number?
True
Let b = 94 - -33. Is b prime?
True
Let w = 11 + -4. Suppose -4*l = 31 - w. Is ((-3)/l)/((-1)/(-154)) composite?
True
Suppose 10 + 11 = 3*q. Suppose q*c - 3*c - 444 = 0. Is c a prime number?
False
Let q = 551 - 230. Is q prime?
False
Let f(d) = 31*d - 7. Let m be f(5). Let s be 2/9 - 6/27. Suppose s*b - 4*b + m = 0. Is b composite?
False
Let u(w) = 5*w**2 + 11*w - 1. Let x be u(8). Suppose -5*n = 4*a - x, n + a + a - 79 = 0. Is n composite?
False
Let m(z) = -58*z - 5. Let v(g) = 116*g + 11. Let u(f) = 9*m(f) + 4*v(f). Let r(l) = -l - 5. Let w be r(-4). Is u(w) composite?
True
Let t be (-168)/20*(-20)/3. Suppose 4*l + 3*q = 172, 0 = 3*l + 2*q - 73 - t. Is l a prime number?
True
Let n = 32 + -18. Let p be n/(-3)*(-3 - 0). Suppose -q + 1 = -p. Is q a composite number?
True
Suppose -4*n = -4*j + 512, 0 = -3*j + 4*n - 14 + 399. Is j a prime number?
True
Suppose i = 3*d - 886, 2*d - d - 272 = 5*i. Let s = d + -138. Is s prime?
False
Let k = 727 - 514. Is k a composite number?
True
Let u(c) = c**3 - 9*c**2 + 8*c + 2. Let g be (7/(21/(-24)))/(-1). Let p be u(g). Suppose -5*m = -2*j + 125, -5*m + 265 = 2*j + p*j. Is j a prime number?
False
Let w(g) = -2*g**3 + 3*g**2 - 2*g - 1. Let m be w(2). Let r = m + 32. Let v = 60 - r. Is v prime?
True
Is (-12588)/(-20) - 6/15 composite?
True
Let a = -177 + 400. Is a prime?
True
Suppose -4*j + 255 = -1357. Is j a prime number?
False
Is ((-28)/(-8))/(2/116) composite?
True
Suppose 2*t + 4*h = 51 + 67, -2*t + 2*h + 142 = 0. Is t prime?
True
Suppose -3*t + 1290 = 5*y - 8*t, 5*y - 1305 = 2*t. Is y composite?
False
Suppose 393 = 3*h - 3*c, c = -3*h - 0*h + 401. Let f = h + -71. Is f a composite number?
True
Suppose 3*t + 2*q - 584 - 668 = 0, 3*q + 1641 = 4*t. Suppose 0 = 2*g - 4*a - t, 0*a + a + 611 = 3*g. Is g prime?
False
Let j = 3 - 3. Suppose j = 3*l - 4*l - 3. Is l/6*226*-1 a composite number?
False
Let d(g) be the second derivative of -g**3/3 - 13*g**2/2 - 4*g. Is d(-10) a prime number?
True
Let k(r) = r + 1. Let z be ((-4)/2 - -2) + -1. Let n be k(z). Suppose 2*a = o - n*o + 327, -5*a + 820 = -5*o. Is a a composite number?
False
Suppose -4*p - p + 30 = 0. Let r be ((-1)/(-2))/(1/p). Is 1/(0 + 1/r) a composite number?
False
Let i = 950 - 631. Is i a composite number?
True
Let m(y) = -3*y + 4. Suppose 5*x - a = -29, -5*a + 0*a + 7 = -2*x. Let j be m(x). Suppose 0*t = -t + j. Is t prime?
False
Suppose -11 = -4*k + 3*c, -3*c - 1 = -2*k - 0. Suppose 0 = -5*r + 3*w + 914, 0 = 2*r - 4*w + k*w - 370. Let s = r - 127. Is s composite?
True
Let a(p) be the third derivative of -p**5/12 - p**4/12 + p**3 - p**2. Let k be a(-6). Let x = k + 319. Is x a prime number?
True
Suppose 360 = 3*h - 459. Suppose -2*l = 2*j + l - h, 0 = -4*j + l + 525. Let y = j - 77. Is y composite?
True
Let b(r) = 25*r + 2. Let m = -4 + 9. Suppose m*i = -0*i + 15. Is b(i) composite?
True
Is (17948/8)/7*2 a prime number?
True
Suppose 5*p - 2*a + a - 200 = 0, -2*p + 103 = -5*a. Is p prime?
False
Let p = 2 - 0. Suppose 4*h - 26 = 3*g, -2*g - 12 = -p*h - 0*h. Suppose -4*y = -4*x - h*y + 60, 2*x + 4*y = 38. Is x a prime number?
True
Suppose 5*m + 2*n - 563 = 0, -5*n + 353 = 2*m + m. Is m composite?
True
Let h(x) = -x + 15. Let u be h(9). Suppose -10*i + 1160 = -u*i. Suppose j + 4*j = i. Is j prime?
False
Let b be (8/(-6))/((-4)/66). Suppose -b = -5*l + 8. Is l prime?
False
Let t(n) = -23*n**3 - 5*n**2 - 4*n - 1. Let u be t(-4). Suppose 0 = -0*d - 3*d + u. Is d a prime number?
False
Let s = 5 + 0. Suppose 3*w - 63 = 2*n + 212, 0 = -w + s*n + 83. Is w composite?
True
Let a(c) = -2*c - 4. Let f be a(-3). Suppose 0 = -4*i - 8, w - 6*w + f*i + 19 = 0. Is w*1/3*97 composite?
False
Is 2 - ((-9)/(-3) + -327) composite?
True
Suppose i - 6 = -1. Let g be i/2*(0 + 46). Suppose g = 6*x - x. Is x a composite number?
False
Let c(d) = -d**2 + 8*d - 2. Let a(y) = -y**2 - 8*y + 6. Let j be a(-8). Is c(j) prime?
False
Suppose 3*m - 293 = 319. Suppose 5*l = -5*c + 275, 3*c = -5*l - 39 + m. Is c prime?
False
Let u(v) = -12*v + 521. Is u(0) a composite number?
False
Let q be (-615)/(-35) + 3/7. Suppose 0 = -4*w + 2*w - q. Let u(h) = -h**2 - 13*h + 1. Is u(w) a prime number?
True
Suppose 2*i = -2*i + 184. Suppose -2*z + 6 = 0, -3*k + 166 = 3*z + i. Is k composite?
False
Let s = 433 - -3616. Is s composite?
False
Let p(m) = -m**3 + m**2 - m - 47. Let r(f) = 3*f**3 - 3*f**2 + 2*f + 93. Let q(d) = -5*p(d) - 2*r(d). Let y = 12 + -12. Is q(y) a prime number?
False
Let f(y) = y**3 + 7*y**2 + 7*y + 4. Let i be f(-6). Is i/(66/(-62) + 1) a prime number?
True
Is 696 + 4/4 - (-1 + 3) composite?
True
Let g = 3167 - 2226. Is g composite?
False
Suppose -5*v + i - 8 = 0, 7*i - 12 = 3*v + 4*i. Is -1 - -1 - (v + -22) a composite number?
False
Let f = 564 + -223. Is f a composite number?
True
Suppose -258 - 1374 = -3*k. Suppose 3*c + 5*b - 550 = -2*c, -5*c + b + k = 0. Is c a prime number?
True
Suppose f + 3*f = -3*x - 133, -53 = x - 3*f. Let g = -13 - x. Is g composite?
True
Let p(a) = a**2 + 4*a + 2. Let z be p(-4). Is (-11)/(-2 + 3/z) composite?
True
Is (-2 - 1/(-2))*8984/(-6) a composite number?
True
Let a(s) = -s**2 - 9*s + 8. Let h = -23 + 16. Is a(h) a composite number?
True
Is 4080/25 - (-1)/(-5) a prime number?
True
Suppose 0 = 10*f - 6023 - 287. Is f composite?
False
Let y(x) = -x + 7. Let t(r) = r**3 - 5*r**2 + 4*r + 5. Let f be t(4). Let z be y(f). Suppose -u - 4*k + 19 = -124, 5*u + z*k - 805 = 0. Is u a prime number?
True
Let s = 14 + 117. Is s composite?
False
Let v(o) = -12*o - 3. Let f be 1/2 + (-9)/(-6). Suppose -f*b + 4*z - 6 = 0, 2*b - 2*z = -5 - 1. Is v(b) a prime number?
False
Let k = -280 + 471. Let z be (4/(-2) - (0 + 0)) + 6. Suppose -z*a - 4*b - k = -671, -4*b - 325 = -3*a. Is a a composite number?
True
Suppose -5*t - 111 = 24. Let s(r) = -21*r + 7. Let b be s(-5).